) + -3.
10
What is the value of 13 - (12 + 4 - 9)?
6
Calculate -3 + (9 - 4) + -6.
-4
What is 12 + -5 + -2 - 2?
3
Calculate 9 - (-5 + (13 - 1)).
2
Calculate -5 + 3 - -2 - -1.
1
Evaluate 6 - 6 - 0 - (-1 + 3).
-2
What is the value of -2 + 6 - 0 - 0?
4
9 + 0 + -5 + 0 - 3
1
-3 + (1 + -1 - -8)
5
What is the value of -5 - (1 + 3 + -8 - -4)?
-5
4 + -5 + (2 - -2)
3
What is 3 + 2 + 1 + 0?
6
9 + (-3 - (-1 - -1)) - 3
3
What is the value of (3 - -1 - 1) + -3?
0
-3 + -2 + 3 - (-2 + -1)
1
What is -10 + (24 - 5 - 4)?
5
1 + (-4 - -2) + 5
4
Calculate -1 + (0 - (0 + 2)) + -1.
-4
What is -2 + (-8 - (-7 + 2)) - -6?
1
Calculate -4 + (0 - 1) + 5.
0
What is the value of (-9 - -1) + (7 - (6 + -3))?
-4
Calculate -9 + (-7 - -15) - 3.
-4
What is the value of -41 + 38 - (-3 + -10)?
10
Evaluate 5 - -1 - (25 + -5 - 8).
-6
What is the value of (-10 - -5 - (-1 - -4)) + 1?
-7
Evaluate -1 - ((5 - 8) + 1).
1
Evaluate (9 - -2) + -15 - (-4 + 1).
-1
What is the value of (-7 - (2 - 6)) + 0?
-3
Evaluate (-1 - (6 + -4)) + 4.
1
Calculate -1 - 15 - (-35 + 21).
-2
What is (2 - 4) + 2 + 57 + -52?
5
Calculate 7 - 13 - (0 + -2).
-4
Calculate -14 - (2 - (14 + -7)).
-9
What is the value of (9 - 16) + -2 + 16?
7
-2 - (6 + 10 + -25)
7
What is 20 + -16 + (-9 - -3) + -2?
-4
-1 - (-14 - (4 + -11))
6
Calculate -4 + 1 + (32 - 33).
-4
Evaluate 12 + -3 - 4 - -1 - 3.
3
What is -2 - ((-14 - -9) + (-1 - 0))?
4
-8 + 3 + -2 + 1 - -6
0
Calculate (4 + -4 - (-4 - -3)) + -5.
-4
What is the value of 5 + 1 + -3 - (-2 + 0)?
5
What is (0 + -3 - -4) + (2 - -1)?
4
-1 + ((5 - 4) + -4 - -4)
0
Evaluate -1 + 2 + -4 + 6.
3
What is -2 + 2 - -1 - 3 - -2?
0
Calculate -9 - (5 - (18 + (-6 - 1))).
-3
Calculate 3 - (7 + (2 - 4)).
-2
(7 - (-4 + (7 - 7))) + -2
9
What is the value of (-3 - -3 - -4) + -3?
1
Evaluate 5 + -2 + 0 + 2.
5
Evaluate 3 - (-7 - (4 + -11)).
3
-7 + 0 - -1 - (26 - 29)
-3
Calculate (-3 - 0 - 2) + 10.
5
Calculate -1 + -3 - (10 + -17).
3
(-1 - 2) + 5 + -6
-4
What is the value of -3 + (1 - 1) + (1 - -3)?
1
Calculate -7 + (4 - 8) + 7.
-4
Calculate 21 + -20 - (-1 + -4).
6
Evaluate (-3 - (-4 + 1) - 2) + -1.
-3
(-6 - -5 - 5) + 4
-2
15 + -8 + (-2 - (-5 - -3))
7
Evaluate (7 - (-2 + 13)) + 4.
0
Evaluate 7 - (0 - 1 - -9).
-1
What is 2 + -1 + -5 - (4 - 13)?
5
Calculate 3 - (2 - (-2 + (-1 - -4))).
2
What is -1 + (-4 - (2 + 0) - -4)?
-3
What is the value of 4 - (11 + (-5 - -5))?
-7
What is the value of 6 + (3 + -9 - -2) + 2?
4
Calculate 14 - 12 - ((1 - 3) + 4).
0
What is the value of 1 - (1 + 12 - 5)?
-7
What is 12 + 10 + -15 + 3?
10
What is 8 - 2 - (10 + 9 + -18)?
5
What is -5 - (-13 + 5 - -6)?
-3
What is 1 + 3 + 1 - 0?
5
Evaluate -2 + -2 + 6 - 8.
-6
15 + (-2 - 9) + -5
-1
What is the value of 8 + -7 - (2 - 1)?
0
Evaluate -1 + (1 - -2 - 9) + 3.
-4
Evaluate 3 - (2 - (0 + -3)).
-2
-14 + 24 + -17 - -14
7
(-4 - (-5 + -4 + 5)) + 5
5
-3 + -4 - -8 - (3 - -2)
-4
9 - (-9 - -13 - -6)
-1
3 - (-13 + 11 - (1 - 1))
5
What is the value of -3 + 2 + (-2 - -2) - 0?
-1
3 + (-8 - (8 + -3 + -8))
-2
Calculate -1 - (6 + 0 + -5 + 0).
-2
What is -1 + -1 + 3 - (7 - 7)?
1
What is the value of -7 + (4 - 11) + (-1 - -8)?
-7
What is the value of 1 + (1 + -2 - -3)?
3
Calculate 2 - (4 - (2 + 3)).
3
Calculate 0 + 4 + (1 - 6).
-1
2 + -1 + 3 + 1
5
What is the value of (-6 + 7 - (2 + 6)) + 2?
-5
Calculate 3 + (1 - -2) - (-5 - -6).
5
-3 + -3 + 20 + -12
2
What is the value of 17 + -45 + 22 - (1 - 1)?
-6
What is the value of -2 + -6 + 6 - -2?
0
What is the value of 0 + -4 - (-1 - (-5 + 4))?
-4
Calculate 4 + 5 + -4 + -5.
0
Calculate -5 - (-3 + 3 + -10) - 4.
1
What is the value of (-2 - 0) + 4 + -4?
-2
Evaluate -16 - ((-18 - 1) + 10).
-7
(14 - 9) + -2 + -3
0
(-1 - -5) + (-10 - (5 - 15))
4
Evaluate -2 - 0 - (-3 - (-6 + 10)).
5
Calculate 3 + (-5 - (0 + -1) - 2).
-3
What is the value of -3 + -3 - (-5 + 0)?
-1
What is the value of -1 + 0 - 7 - -3?
-5
What is (-11 + 5 - -15) + -4 - 6?
-1
4 + 0 - (-1 - 1)
6
What is -8 + 0 + (2 - -1) - -1?
-4
Calculate -12 - (12 - 13 - 7).
-4
What is -3 - (-1 - 2) - (-1 - 2)?
3
Calculate 3 + 3 + 4 + -12 + 4.
2
What is 3 + (-2 - 5) + 5 + 0?
1
What is the value of -3 + (3 + -6 - -1) - -4?
-1
0 + 16 + 31 + -37
10
Evaluate -3 + (1 - 2) - -7.
3
Calculate (3 + 2 + -3 - 1) + 0.
1
What is (9 - -5) + (1 + -5 - 3)?
7
What is the value of 10 + -6 + -3 + 2 - 4?
-1
What is 5 - ((11 - 4 - 3) + 1)?
0
Calculate 1 + 1 + -2 + -3.
-3
Evaluate 1 + (-6 - -1 - -2).
-2
Calculate 0 + -3 - (2 - (4 - 0)).
-1
(11 - 3 - -4) + -9
3
Evaluate 17 + (-3 - -4 - 12).
6
Evaluate 3 - 5 - (21 + -28).
5
What is the value of -5 + -7 + 4 + 15 + -1?
6
(-1 - (1 + -2)) + 5
5
What is -1 - 4 - (-7 - -6)?
-4
Evaluate 2 + ((5 - -3) + -4 - 1).
5
Evaluate (5 + -7 - 7) + 13.
4
Evaluate (3 - (3 - 8)) + -3.
5
What is 147 + -150 + 6 + 1?
4
What is 4 + -4 + -3 + -2 + 4?
-1
Calculate 0 + -6 - (24 - 33).
3
What is (18 - 20) + (-1 - -2)?
-1
(-11 - -6) + 3 + (-1 - 1)
-4
What is 99 + -98 - (1 + 5)?
-5
What is 5 + -10 + -1 + 1 + 6?
1
-3 + (-1 - (-7 - -4) - 4)
-5
What is -59 + 52 + -3 + 1?
-9
What is -10 + 0 + -5 + (3 - -8)?
-4
-4 - (7 + (0 - 13) + -6)
8
Evaluate 5 + (-6 - 1 - 4).
-6
Evaluate (6 - (7 - 3)) + -5 - -4.
1
Evaluate (2 - 6) + (5 - (11 + -16)).
6
-2 + 4 - (-2 - 2) - 2
4
Evaluate -12 - (1 - (2 + 7)).
-4
-7 + (-8 - -12 - 0)
-3
-7 + 8 - (-1 - 0)
2
(-18 + 20 - (-1 + 9)) + 4
-2
What is 3 - (3 - (-6 + 4))?
-2
What is the value of 11 + -2 + -8 - (2 + 0)?
-1
-1 - (-8 + 6) - 0
1
What is -1 + (7 + -4 - 5) - 0?
-3
What is (3 - (-1 - -1)) + -2 + -3?
-2
What is 0 + 3 - (13 + -7 + 2)?
-5
Calculate (-9 - -5) + -2 + 6.
0
(8 - 10 - 5) + 10
3
What is 0 + -5 + (-5 - -6) - 0?
-4
Calculate 0 - (-1 + 1 + -2 + -5).
7
Calculate 9 + (-4 - -10) + -9.
6
Calculate -14 + 7 + 0 + 3 + -1.
-5
What is -3 - (-21 - -8) - 7?
3
What is the value of (-4 - 11) + 11 - (0 + 4)?
-8
What is the value of (-2 + 1 - (23 - 22)) + -4?
-6
Evaluate -3 + 0 - (-1 - 3).
1
Evaluate 3 + -6 + 0 + 0.
-3
Evaluate (5 - (7 - 1)) + -1.
-2
Calculate 4 + -13 - (-8 - -3).
-4
Evaluate -3 + 13 + 0 + -3.
7
What is (3 - 1) + (-10 - (-1 - 2))?
-5
Calculate (3 - ((1 - 6) + 4)) + 0.
4
Evaluate 5 + (0 - 0 - -2).
7
7 + -10 + (1 - 1)
-3
Evaluate 0 + -10 + 13 + -6.
-3
What is 12 + 0 + -12 + -54 + 62?
8
19 - (8 + 2) - 0
9
What is the value of -2 + (-2 - (-4 - 4))?
4
-2 - (1 + (-7 - 1))
5
What is -9 + 5 + (7 - 11)?
-8
Evaluate (-3 - -4) + -6 - -1.
-4
Calculate -3 - (-1 + -4 + 1).
1
What is 4 - (5 - (1 + -1 + 3))?
2
Evaluate 10 - (12 + (-6 - 4) + 4).
4
Calculate -4 - (-6 - -6) - -7.
3
What is the value of 34 + -27 + (-12 - -1)?
-4
Calculate -1 + -6 - (-25 + 25).
-7
-1 + -1 - 1 - (5 - 13)
5
(4 - -7) + -5 + -10
-4
Evaluate (-3 - 1) + 0 - 0.
-4
What is the value of 10 - (18 - 12) - (-4 + 0)?
8
What is 2 - (-2 - -3) - (5 + 1)?
-5
Evaluate 0 + (1 + 2 - (-2 - -3)).
2
What is the value of -8 - (-3 + (-4 - -3) + 0)?
-4
Calculate 0 + (5 - 6) - -4.
3
What is -5 + (-8 - (-15 - -6))?
-4
Evaluate (8 - 0) + -10 - (2 - 10).
6
Evaluate 1 + 0 + -9 + 7 + -2.
-3
What is the value of -2 + -6 + (1 - 1 - -1)?
-7
4 - (9 - (-5 + 9))
-1
What is (2 + 1 - 4) + -1?
-2
Calculate 11 + -7 + 1 - 9.
-4
What is the value of (4 - -3) + -6 + -2 + -4?
-5
(-1 - -1) + -3 - -4
1
What is the value of -16 + 7 - (-3 - -2)?
-8
What is the value of (3 - (-5 + 4 + 4)) + 0?
0
Calculate 0 - 1 - (4 - (4 + -2)).
-3
(-12 - -2) + -3 + 17
4
-3 - -2 - (-2 - 1 - -1)
1
What is (5 - (-3 + 3)) + -6 - 5?
-6
What is the value of -273 + 276 - (-5 + 1)?
7
15 + (0 - 10) + 2
7
What is -5 + (1 - -2) + -1?
-3
Evaluate 0 + 4 + (-10 - (-8 - -7)).
-5
Calculate -6 - (-4 + 3 - 2) - -4.
1
Evaluate 6 - (8 + (-12 - -5)).
5
Calculate 5 + -9 + -2 + 1.
-5
What is -1 - (5 + -12 + 3 + 2)?
1
Evaluate 3 + 0 + -2 + 3 - 0.
4
What is 4 + -8 - 1 - (9 - 11)?
-3
Calculate 8 - 9 - (-1 - -1 - 2).
1
What is -3 + -4 + 4 - 1 - -6?
2
What is the value of -6 - ((-2 - -1) + -2)?
-3
Evaluate 12 - (2 + 5 - -1) - 5.
-1
What is 0 - 4 - (1 + -9)?
4
What is the value of (2 - 2) + 5 + -3 + -5?
-3
What is the value of (-2 - 2) + 0 + 5?
1
Calculate (2 - (-1 + 3)) + 1 + -1.
0
Evaluate 7 + 0 + (-8 - -2) - 9.
-8
-4 + -2 + 1 - (34 - 35)
-4
Calculate -13 + (9 - 2) + 0.
-6
What is -1 + 8 - (16 - 1 - 12)?
4
Calculate (-5 - 0) + 5 + -6.
-6
What is the value of -7 + (-8 - (-21 + 8))?
-2
Evaluate 80 + -80 + (-7 + 1 - -1).
-5
Calculate (-3 + 1 - (22 - 23)) + 2.
1
What is (